). Let j = 10 - q. What is the units digit of j?
3
Suppose -3*f = -4*f - 5. What is the units digit of 6/6 - (f + 2)?
4
Suppose -115 = -3*l + 185. What is the tens digit of l?
0
Suppose 0*v = 4*v - 8. Suppose -4*j = -2 - v, -u = -4*j. Suppose 6 = 2*k - u. What is the units digit of k?
5
Let s = 3 - -62. What is the units digit of s?
5
Let p = -68 - -112. What is the units digit of p?
4
What is the tens digit of -4 - ((-112)/4 - -1)?
2
Suppose -2 - 18 = -2*b. What is the tens digit of b?
1
Let a(q) = -q**2 - 5*q - 3. Let f be a(-6). Let s be ((-3)/f)/((-3)/(-495)). Suppose 5*l - s = -5*j, -3*j + 5*l + 89 = j. What is the units digit of j?
6
Suppose 0 = 5*r - 4*g + 2*g - 168, -2*r = -2*g - 72. What is the tens digit of r?
3
Suppose 0*f + 3*f - 38 = 4*i, -3*f + 3*i + 33 = 0. Let z(t) = -t + 4. Let r be z(-4). Let l = r - f. What is the units digit of l?
2
Let o(d) be the second derivative of 2*d**3/3 - d**2/2 + 2*d. Let i be o(4). Let g = i + -8. What is the units digit of g?
7
Let k be 1 - ((0 - 0) + -2). Suppose 4 = 2*p - p + k*t, 2*t + 4 = p. Let r = -1 + p. What is the units digit of r?
3
Suppose 2*x = -2 + 4, 2*l + 2*x - 18 = 0. Let s = l + -6. What is the units digit of s - (-2)/6*-3?
1
Suppose 6*i - 30 = i - 4*b, -2*i = -3*b + 11. Suppose -i*h + h = -11. Suppose 5*v - 64 - h = -5*r, -78 = -4*r + 2*v. What is the tens digit of r?
1
Suppose -z + 210 + 41 = 0. What is the hundreds digit of z?
2
Let d(c) = 6*c + 5. What is the tens digit of d(4)?
2
Let m = -48 + 91. What is the units digit of m?
3
Suppose 24 = -2*c - 2*x, -c + x = -6*c - 52. Let m = 3 - c. Suppose -m - 47 = -5*r. What is the tens digit of r?
1
Let n(c) = c**2 - 4*c - 7. What is the tens digit of n(-4)?
2
Let u(g) = 2*g - 5. Suppose -11 - 1 = -d. What is the tens digit of u(d)?
1
Let i(z) = -z + 1. Let t be i(0). Let w be -10 - t - (-4)/(-2). Let c = w - -21. What is the units digit of c?
8
Suppose -7*j = -j - 870. What is the tens digit of j?
4
Let w = 19 + -13. Let r(u) = -u**2 + 9*u + 1. What is the tens digit of r(w)?
1
Suppose -2*d + 6 = -2. Let j(t) = t**3 - 3*t**2 - 4*t + 6. Let l be j(d). What is the units digit of 1 - 5/((-5)/l)?
7
What is the units digit of 86/3 + (-4)/(-12)?
9
Suppose -5 - 7 = 4*j, -4*h + j + 23 = 0. Suppose -h*k + 5 + 10 = 0. Suppose 2*b = 2*m + 14, 0*b = k*b - 4*m - 17. What is the units digit of b?
1
Let x = -7 + 12. What is the units digit of 210/6*2/x?
4
What is the hundreds digit of -1*(-4*49 + -1)?
1
Let c be (3/(-2))/((-2)/4). Suppose -3*f = c*g - 129, -3*g = 2*f - 0*f - 88. Suppose 5*y + 11 - f = 0. What is the units digit of y?
6
What is the tens digit of (24/16)/((-2)/(-24))?
1
Suppose -2*f - 5 = -21. What is the units digit of 33/4 + (-2)/f?
8
Let x(c) be the third derivative of c**4/6 - c**3/6 + 2*c**2. What is the units digit of x(2)?
7
Let c(v) = v**2 + v. Let u(m) = -m**2 - 12*m + 7. Let p(s) = 3*c(s) + u(s). What is the units digit of p(6)?
5
Let s(f) = -f**2 - 8*f - 5. Let a be (-2)/(-3) + 38/(-3). Let k = a + 6. What is the units digit of s(k)?
7
Let b(l) = 4*l**2 + l + 2. Let x = -4 + 6. What is the units digit of b(x)?
0
Suppose 0*k = -3*k + 6. Let b be (6/1)/(k/1). Suppose y - 77 = -4*h, -b*h - 5*y + 115 = 2*h. What is the tens digit of h?
1
Let a(v) = -9*v**2 - 5*v - 4. Suppose 4*s + 26 = -4*f + 6, 23 = -3*f - 5*s. Let p(y) = y + 1. Let h(d) = f*a(d) - 5*p(d). What is the units digit of h(-1)?
8
Suppose -3*a = -2*n - 30 - 49, 3*n = -2*a + 57. What is the tens digit of a?
2
Suppose -j + 2*j - 60 = 0. What is the units digit of j?
0
Let g = -5 - -9. Suppose -18 - 30 = -2*l + 2*r, g*l - 84 = r. Suppose -4*p - 8 = -l. What is the units digit of p?
3
What is the tens digit of (4/8)/(-2 - 231/(-114))?
1
Let o = 1 + 44. What is the tens digit of o?
4
Suppose 3*y - 42 - 33 = 0. What is the tens digit of y?
2
Suppose 5*f + 2*c = 3*c, 0 = -3*f + 5*c. Let o = 15 - 11. Let n = o - f. What is the units digit of n?
4
Suppose -3 = 5*i - 38. Let b = i - 7. Suppose -10 = -5*d, -o + 0*d + 4*d + 4 = b. What is the tens digit of o?
1
Suppose 9 = 5*n - 6. Suppose 0 = -2*m - 2*o + 2, 0 = -5*o - 7 - 8. Let g = m + n. What is the units digit of g?
7
Let t(h) = h**2 + 3 + 6*h - 7*h - 3*h. Let k be t(2). What is the units digit of (-2)/(k*(-3)/(-12))?
8
Let a(f) be the third derivative of -f**6/120 + f**5/10 + f**4/8 + 5*f**3/6 - 2*f**2. What is the tens digit of a(6)?
2
Suppose 3 = 2*b - 5. Suppose -b*z - 1 = -21. Suppose -3*u - 2*i = -15, 2*i - 1 = z*u - 42. What is the units digit of u?
7
Suppose 18 = 5*a + 8, -4*v - 2*a = -24. Let i(l) = l + 0*l + v - 7*l - l**2. What is the tens digit of i(-5)?
1
Let q(t) = 15*t**2 + t - 2. What is the tens digit of q(1)?
1
Let v be ((-6)/(-9))/(4/18). Suppose -4*q = -2*f + 6, -2*q = -5*q - v*f + 18. What is the units digit of q?
1
Let j = 279 + -133. What is the tens digit of j?
4
Suppose 2 = -3*f - 13, -77 = -j + 2*f. What is the units digit of j?
7
Let z = 7 - 4. Let i = 36 + -33. Suppose i*v = 2*v + z. What is the units digit of v?
3
Suppose 6 = 5*u + r, -6 = -0*u + u + 2*r. Let p = 10 - 7. Let z = p - u. What is the units digit of z?
1
Let x = 17 - -13. Suppose -4*i = -i - x. What is the units digit of i?
0
Suppose -4*z - 21 + 29 = 0. Suppose 4 = 3*b - 0*q + 2*q, 4*b - q = 9. What is the tens digit of (-10)/(z*b/(-4))?
1
Let y be -7 - -22 - -1*1. Suppose -2*n + i + 8 = -0*i, -5*i = -2*n + y. What is the units digit of n?
3
Suppose 4*p + 21 = r, 4*r - 3 = 3*p + 29. Suppose 0 = r*c + 5*d - 50, 5*c - 5*d - 8 = 62. What is the tens digit of c?
1
Suppose 2 = h - 3. Suppose 5*d - 45 = h*m, 2*m = 7*m + 15. Let s = -2 + d. What is the units digit of s?
4
Let z be 69/(-6) + (-2)/(-4). Let j = -6 - z. What is the units digit of j?
5
Let b = -12 - -30. What is the units digit of b?
8
Let x = 39 + 5. What is the units digit of x?
4
Let g = -5 - -9. Suppose -2*m + 52 = p, 3*m - 7*m = -g*p - 92. What is the tens digit of m?
2
Let h be 4/(-10) + (-1386)/35. What is the units digit of 0 + 0 - h/5?
8
Let l = -8 - -12. Suppose -15 = -3*c, -35 - 17 = -4*k - l*c. What is the units digit of k?
8
Let l(m) = m**2 - 4*m - 1. What is the tens digit of l(-4)?
3
Let q(s) = -6*s + 16. Let v be q(5). What is the tens digit of (-4 + 7)/(-3) - v?
1
What is the units digit of -1 + (0 - (4 - 21))?
6
Suppose -4*x - i = -5*i + 36, 3*x + 26 = 2*i. Let f(a) = -a - 6. Let d be f(x). Let v = 0 + d. What is the units digit of v?
2
Let s(z) = -z**2 + z - 3. Let n be s(0). Let x(v) = v**2 + 3*v + 3. Let k be x(n). Suppose 3*u - 27 = 5*l, u - l + k*l = 20. What is the units digit of u?
4
Let j = 95 - 53. What is the units digit of j?
2
Suppose 38 = -4*r + 2*r. Let f = -8 - r. What is the tens digit of f?
1
Let s be (-91 + 1)*1/2. What is the units digit of (-79)/(-9) + (-10)/s?
9
Let f be (0 - (-1 + 0)) + -1. Suppose 2*t + 0 - 10 = f. What is the units digit of t/10 - 14/(-4)?
4
Let y = 8 + -5. Suppose -w - 10 = -3*s, s + y*w + 6 = 2*s. Let j(m) = 4*m. What is the tens digit of j(s)?
1
Suppose 5*r + 67 = -4*f, 5*r + 47 = 2*r + f. Let i = r - -25. Suppose 3*t - i = -2*t. What is the units digit of t?
2
Let a = -146 + 256. What is the tens digit of a?
1
Suppose -3*q = -6*q. Let p be 170/(q + (-4)/(-2)). Suppose -4*z = z - p. What is the units digit of z?
7
Suppose 10 + 66 = 4*t + 4*i, -2*i = -5*t + 116. Let z = 97 - 65. Let r = z - t. What is the tens digit of r?
1
What is the tens digit of 10/25 + (-684)/(-15)?
4
Let m(j) = -j**3 + j**2 - j - 1. What is the units digit of m(-3)?
8
Let p be 60/(-1)*(-20)/25. Let r(f) = f**2 + 16*f + 14. Let l be r(-17). Let k = p - l. What is the tens digit of k?
1
Let h(u) = -u**3 - 5*u**2 - u - 3. Let b be h(-5). Let c = 7 + -4. Suppose -20 = -4*v, 0 = b*k - 6*k + c*v - 11. What is the units digit of k?
1
What is the units digit of (-30)/(20/(-5) + 42/11)?
5
Let o(h) = 2*h**3 - 5*h**2 - 11*h - 5. Let t be o(5). Suppose -p - 3*s + 31 = 0, 0*s - t = -5*p + 3*s. What is the units digit of p?
6
Let k(w) be the second derivative of w**4/12 - w**3/3 + w**2/2 + 2*w. Let z be 4 + (5 - 3)/2. What is the units digit of k(z)?
6
What is the hundreds digit of (-15521)/(-44) + (-2)/(-8)?
3
Suppose 0*w = 3*w + 3. Let i be 21/(w + 4) + -1. What is the units digit of (i/8)/((-1)/(-24))?
8
Let f = -36 - -116. What is the units digi